{"id":3,"date":"2025-02-04T21:41:27","date_gmt":"2025-02-04T21:41:27","guid":{"rendered":"https:\/\/maria.proyectosbarreira.com\/?page_id=3"},"modified":"2025-02-26T18:42:29","modified_gmt":"2025-02-26T18:42:29","slug":"privacy-policy","status":"publish","type":"page","link":"https:\/\/maria.proyectosbarreira.com\/?page_id=3","title":{"rendered":"Pol\u00edtica de Privacidad"},"content":{"rendered":"\t\t<div data-elementor-type=\"wp-page\" data-elementor-id=\"3\" class=\"elementor elementor-3\" data-elementor-post-type=\"page\">\n\t\t\t\t<div class=\"elementor-element elementor-element-40c76a88 e-flex e-con-boxed e-con e-parent\" data-id=\"40c76a88\" data-element_type=\"container\" data-settings=\"{&quot;background_background&quot;:&quot;classic&quot;}\">\n\t\t\t\t\t<div class=\"e-con-inner\">\n\t\t\t\t<div class=\"elementor-element elementor-element-3efcf065 elementor-widget elementor-widget-text-editor\" data-id=\"3efcf065\" data-element_type=\"widget\" data-widget_type=\"text-editor.default\">\n\t\t\t\t<div class=\"elementor-widget-container\">\n\t\t\t\t\t\t\t\t\t\n<h2 class=\"wp-block-heading\"><strong>\u00daltima actualizaci\u00f3n: 20 febrero 2025<\/strong><\/h2>\n\n\n\n<p>En <strong>Travel<\/strong>, nos tomamos muy en serio la privacidad de nuestros usuarios. Esta pol\u00edtica explica c\u00f3mo recopilamos, usamos y protegemos la informaci\u00f3n personal que nos proporcionas al contratar un tour a trav\u00e9s de nuestro formulario.<\/p>\n\n\n\n<h4 class=\"wp-block-heading\"><strong>1. Informaci\u00f3n que Recopilamos<\/strong><\/h4>\n\n\n\n<p>Al completar nuestro formulario de contacto, recopilamos los siguientes datos:<\/p>\n\n\n\n<ul class=\"wp-block-list\">\n<li><strong>Nombre<\/strong><\/li>\n\n\n\n<li><strong>Correo electr\u00f3nico<\/strong><\/li>\n\n\n\n<li><strong>Mensaje<\/strong><\/li>\n<\/ul>\n\n\n\n<h4 class=\"wp-block-heading\"><strong>2. Uso de la Informaci\u00f3n<\/strong><\/h4>\n\n\n\n<p>Utilizamos esta informaci\u00f3n para:<\/p>\n\n\n\n<ul class=\"wp-block-list\">\n<li>Responder a tu solicitud y gestionar la contrataci\u00f3n del tour.<\/li>\n\n\n\n<li>Comunicarnos contigo en caso de dudas o confirmaciones.<\/li>\n\n\n\n<li>Mejorar nuestros servicios y la experiencia del usuario.<\/li>\n<\/ul>\n\n\n\n<h4 class=\"wp-block-heading\"><strong>3. Protecci\u00f3n de los Datos<\/strong><\/h4>\n\n\n\n<p>Tomamos medidas de seguridad para proteger tu informaci\u00f3n y evitar accesos no autorizados. No compartimos ni vendemos tus datos a terceros.<\/p>\n\n\n\n<h4 class=\"wp-block-heading\"><strong>4. Derechos del Usuario<\/strong><\/h4>\n\n\n\n<p>Tienes derecho a acceder, rectificar o eliminar tu informaci\u00f3n personal en cualquier momento. Para ello, puedes contactarnos a <strong>marmol.p@barreira.edu.es<\/strong>.<\/p>\n\n\n\n<h4 class=\"wp-block-heading\"><strong>5. Contacto<\/strong><\/h4>\n\n\n\n<p>Si tienes dudas sobre nuestra pol\u00edtica de privacidad, puedes escribirnos a <strong>marmol.p@barreira.edu.es.<\/strong><\/p>\n\t\t\t\t\t\t\t\t<\/div>\n\t\t\t\t<\/div>\n\t\t\t\t\t<\/div>\n\t\t\t\t<\/div>\n\t\t\t\t<\/div>\n\t\t","protected":false},"excerpt":{"rendered":"<p>\u00daltima actualizaci\u00f3n: 20 febrero 2025 En Travel, nos tomamos muy en serio la privacidad de nuestros usuarios. Esta pol\u00edtica explica c\u00f3mo recopilamos, usamos y protegemos la informaci\u00f3n personal que nos proporcionas al contratar un tour a trav\u00e9s de nuestro formulario. 1. Informaci\u00f3n que Recopilamos Al completar nuestro formulario de contacto, recopilamos los siguientes datos: 2. [&hellip;]<\/p>\n","protected":false},"author":1,"featured_media":0,"parent":0,"menu_order":0,"comment_status":"closed","ping_status":"open","template":"","meta":{"footnotes":""},"class_list":["post-3","page","type-page","status-publish","hentry"],"_links":{"self":[{"href":"https:\/\/maria.proyectosbarreira.com\/index.php?rest_route=\/wp\/v2\/pages\/3","targetHints":{"allow":["GET"]}}],"collection":[{"href":"https:\/\/maria.proyectosbarreira.com\/index.php?rest_route=\/wp\/v2\/pages"}],"about":[{"href":"https:\/\/maria.proyectosbarreira.com\/index.php?rest_route=\/wp\/v2\/types\/page"}],"author":[{"embeddable":true,"href":"https:\/\/maria.proyectosbarreira.com\/index.php?rest_route=\/wp\/v2\/users\/1"}],"replies":[{"embeddable":true,"href":"https:\/\/maria.proyectosbarreira.com\/index.php?rest_route=%2Fwp%2Fv2%2Fcomments&post=3"}],"version-history":[{"count":7,"href":"https:\/\/maria.proyectosbarreira.com\/index.php?rest_route=\/wp\/v2\/pages\/3\/revisions"}],"predecessor-version":[{"id":224,"href":"https:\/\/maria.proyectosbarreira.com\/index.php?rest_route=\/wp\/v2\/pages\/3\/revisions\/224"}],"wp:attachment":[{"href":"https:\/\/maria.proyectosbarreira.com\/index.php?rest_route=%2Fwp%2Fv2%2Fmedia&parent=3"}],"curies":[{"name":"wp","href":"https:\/\/api.w.org\/{rel}","templated":true}]}}